)/8*7. Let g(a) = 5*a**2 + 17*a + 2. What are the prime factors of g(v)?
2, 3, 61
Let o be 6 + -5 + (-12)/(-2). Suppose -5*g + 3 + o = 0. Suppose -95 - 41 = -g*z. What are the prime factors of z?
2, 17
Suppose -18 + 28 = -2*u, -3*u - 187800 = -5*b. List the prime factors of b.
3, 13, 107
Suppose -10*a + 4*s - 46728 = -14*a, -2*a - 3*s = -23358. List the prime factors of a.
2, 3, 487
Let y(b) = -4962*b + 3834. List the prime factors of y(-8).
2, 3, 5, 1451
Let a(g) = -35112*g + 466. What are the prime factors of a(-2)?
2, 5, 7069
Let f be (-3 - (-1044)/(-6))*-1. Suppose 1083 = 6*g - f. List the prime factors of g.
2, 3, 5, 7
Suppose 2*w = 5*l - 282644, 92*w + 56556 = l + 95*w. List the prime factors of l.
2, 3, 7, 673
Let p(r) = r**2 + 4*r + 1. Let h be (-2)/(-10) + -2 + (-48)/(-10). Suppose -m - v = 10, 2*v = v - h. List the prime factors of p(m).
2, 11
Let p(m) = m**2 + 9*m + 2. Let z be p(-9). Suppose 3*t + l = 67, 3*t + z*l = -3*l + 71. Suppose -3*g + 158 = -t. List the prime factors of g.
2, 3, 5
Suppose 78*t + 56830 - 421012 = 0. List the prime factors of t.
7, 23, 29
Let b(g) = -g**3 - 91*g**2 - 29*g + 75. List the prime factors of b(-91).
2, 23, 59
Suppose 1979*z = 1993*z - 19824. List the prime factors of z.
2, 3, 59
List the prime factors of (-549468)/(-45) + -5 - (-10)/(-25).
5, 2441
Let w = -11425 - -42193. List the prime factors of w.
2, 3, 641
Let z = 14309 - 2932. What are the prime factors of z?
31, 367
Let k = -69 - -123. Suppose -k = -6*z - 3*z. Suppose 0 = 5*o + 3*u - 357, z*u - 3*u - 141 = -2*o. List the prime factors of o.
2, 3
Suppose -5*b = 4*s - 93, 7*b - 3*b = 3*s - 93. Let i = s - 25. Suppose 0 = i*a - 6*a + 336. List the prime factors of a.
2, 3, 7
Let b(z) be the second derivative of 2*z**3/3 - 59*z**2/2 - 9*z. What are the prime factors of b(28)?
53
Suppose -2*m + y + 25842 = 7484, -4*y - 36724 = -4*m. What are the prime factors of m?
3, 7, 19, 23
Let x(n) = 4*n**3 - 9*n**2 - 48*n - 23. What are the prime factors of x(12)?
29, 173
Let h = 32284 + -23008. List the prime factors of h.
2, 3, 773
Let w = 210 + -339. Let g = 384 - w. What are the prime factors of g?
3, 19
Suppose 1 = t, -6*g + 2*g + 171 = 3*t. Suppose -g - 101 = -p. Let v = p - 60. What are the prime factors of v?
83
Let p(k) = 832*k + 10. Let j be p(1). Let d = -472 + j. List the prime factors of d.
2, 5, 37
Let d = -21 + 23. Let c be 2/d*(-4 + (-4 - 203)). What are the prime factors of (c/(-5))/((-8)/(-40))?
211
Let k(j) = -10*j**2 + 12*j + 51. Let n be k(-6). Let q = n + 1151. What are the prime factors of q?
2, 5, 7, 11
Let x(j) = 108*j - 247. Let c be x(4). Suppose -c*f = -189*f + 496. List the prime factors of f.
2, 31
Let m(k) = k**3 - 8*k**2 + 11*k - 25. Let s be m(6). Let j = 359 - s. What are the prime factors of j?
2, 3, 5, 13
Let p = -92 - -56. Let i = 40 + p. Suppose -i*u + u = -15, 110 = h - 2*u. List the prime factors of h.
2, 3, 5
Let i(n) = n**3 - 6*n**2 + 8*n - 6. Let c be i(5). What are the prime factors of 3/9*c/(-6)*-386?
193
Let j be (18/(-4))/(2/(-4)). Suppose 64*c = 67*c - j. Suppose 5*z - c*o = -o + 30, 4*o = z - 24. What are the prime factors of z?
2
Suppose -8070 = -m + 463. List the prime factors of m.
7, 23, 53
Let d(s) = 1483*s - 40. Let g be d(-2). Let a = -1964 - g. List the prime factors of a.
2, 521
What are the prime factors of ((-173116)/565)/(-1*(-3)/(-90))?
2, 3, 383
Suppose 25*i + 16*i = 36*i + 119600. What are the prime factors of i?
2, 5, 13, 23
Suppose -11*k - 41*k + 261208 + 50012 = 0. List the prime factors of k.
3, 5, 7, 19
Let h(b) = 2*b**3 + 25*b**2 + 22*b - 12. Let u be h(11). Suppose 10*x - u = -117. List the prime factors of x.
2, 5, 29
Let l = 4352 - 3022. Suppose -8*w = -l + 530. List the prime factors of w.
2, 5
Let o(m) = -m**3 + 8*m**2 - 8*m + 10. Let b be o(7). Let g be (14/(-6))/(b/(-36)). Let t = 27 + g. List the prime factors of t.
5, 11
List the prime factors of 90*(-6*(5593/42)/(-17))/3.
2, 3, 5, 47
Let j(q) = -225*q**3 + 21*q**2 - 2*q + 8. List the prime factors of j(-5).
2, 3, 2389
Let d(m) = -m**3 + 3*m**2 + 25*m - 7. Suppose 4*z = 6*z - 2*u - 18, 4*z - 32 = 2*u. Let h be d(z). Let b = h - -251. List the prime factors of b.
223
Let l = -5459 + 13779. List the prime factors of l.
2, 5, 13
Let f = -572 - -574. What are the prime factors of f - 4893/(-7) - -5?
2, 353
Let g(j) = -33*j + 238. Let i be g(7). Let f(s) = 28*s**2 - 47*s - 14. What are the prime factors of f(i)?
3, 7
Suppose 5*u = -5*z + 5825, 4*z - 6589 = 3*u - 1936. What are the prime factors of z?
2, 3, 97
Let u(j) be the second derivative of -j**5/20 - 5*j**4/4 - 17*j**3/6 - 17*j**2/2 + 20*j. Let m be u(-14). Let q = 85 - m. List the prime factors of q.
2, 3, 5
Let z(w) = -w + 27. Let h be z(23). Let l(f) = f + 11 + 7 + 8 - h*f. List the prime factors of l(-16).
2, 37
Let l(z) = -79*z**2 + 3*z + 15. Let a be l(-3). Let t = a - -1245. List the prime factors of t.
2, 3, 5
Suppose -6*w - 5*p = 22, 5*w - 8*p + 6 = -6*p. What are the prime factors of (-5 - -599) + (3 - (w + 11))?
2, 3, 7
Suppose 0 = f, -2*i + 10*f - 12*f = -18950. List the prime factors of i.
5, 379
Let g(b) = 141*b - 46. Let u = -294 + 299. List the prime factors of g(u).
659
What are the prime factors of 72/32 - (-577429)/76?
2, 5, 19
Let k = 40 - 38. Suppose 0 = -3*y - 0*w - k*w + 37, -3*w + 6 = -y. Suppose -2*v + y + 59 = 0. List the prime factors of v.
2, 17
List the prime factors of 31/(-2)*1236/(-2).
3, 31, 103
Let h(y) = -104*y - 79. Let r(j) = -3*j**2 + 34*j - 16. Let l be r(11). List the prime factors of h(l).
3, 7
Suppose 14178 - 383714 = -9*i + i. List the prime factors of i.
2, 2887
Let j(f) = 31*f**3 - 5*f**2 + 6*f - 3. Let d be (16 + -21)*4/(-10). List the prime factors of j(d).
3, 79
Let n = -63 - -58. What are the prime factors of ((-14)/(-3))/(n/((-450)/4))?
3, 5, 7
Suppose 3*i = -4*r + 5242 + 11363, -2*r = 4*i - 8300. Suppose -58*h - r = -82*h. List the prime factors of h.
173
Let j be 2 + 1 + 0 + 3. Let d(s) = -2*s + 4. Let l be d(j). List the prime factors of (100/(-8))/1*l/10.
2, 5
Suppose -75*v + 85*v = 40. Suppose -1200 - 136 = -x + n, -v*n - 2678 = -2*x. What are the prime factors of x?
31, 43
Let f(i) = i**2 - 31*i + 4. Let c(b) = b**2 - 33*b + 4. Let m(t) = -6*c(t) + 7*f(t). Let y = 3 + -10. What are the prime factors of m(y)?
2, 3, 31
Let g = -1178 + 2804. List the prime factors of g.
2, 3, 271
Let j(z) = -z**3 - 10*z**2 + 10*z - 12. Let b be j(-11). Let l be (-256)/(-6) - b/3 - 0. Let h = l - -40. List the prime factors of h.
83
Suppose -4*z - t + 1 = 0, 5*z - t = -0*t - 1. Suppose z = -2*i + i + 409. Suppose 2*n = -p + 97, 7*p - 3*p + n - i = 0. List the prime factors of p.
103
Suppose 23*l = 73*l + 6*l - 881104. List the prime factors of l.
2, 7867
Suppose -9*i - 762 + 17232 = 0. Suppose -k + 4597 = 6*u - u, -2*u + 4*k + i = 0. What are the prime factors of u?
919
Let k(u) = 2*u**3 - 4*u**2 + 7*u - 10. Let y be k(2). Suppose 2*h + 1718 = 4*x, -302 = -x - y*h + 105. What are the prime factors of x?
7, 61
Suppose f + 50*d - 53*d = 39223, 39219 = f - 2*d. What are the prime factors of f?
113, 347
Let v be (-2580)/(-80) - (-2)/(-8). Suppose v*g = 20*g + 2964. List the prime factors of g.
13, 19
Suppose 10929 = 3*k - 2*p, 3*k - 8*k - 3*p + 18234 = 0. Suppose 9*y + 324 - k = 0. What are the prime factors of y?
3, 41
Suppose 203*y - 192*y - 304799 = 0. What are the prime factors of y?
11, 229
Let r(j) = 117*j**2 + 37*j + 548. What are the prime factors of r(-12)?
2, 13, 163
Let n be 0 + 2 + -3 - -82. Suppose 32 = 15*x + x. Suppose -3*g - n = -4*g + 4*y, 0 = x*g - y - 162. List the prime factors of g.
3
Let a = -410 - -1017. Let k = a - 193. What are the prime factors of k?
2, 3, 23
Let c be (1/(-3))/(251/36 - 7). Let p be (-1 - c/(-8))*4. Suppose -l + 155 = -p*r, -l - 340 = -3*l - 2*r. List the prime factors of l.
3, 5, 11
Let w(l) = 2*l**2 + 3*l - 4. Let k be w(-3). Let d = 1274 - 1238. Suppose 3*g - t - 10 = d, 3*g + k*t = 58. What are the prime factors of g?
2
Suppose -108*u + 67*u = -65*u + 85080. What are the prime factors of u?
5, 709
Let n(c) = 77*c - 42. Let f be -20 + 14 - (0 + -20). List the prime factors of n(f).
2, 7, 37
Suppose 2*k - 10373 - 12117 = 0. What are the prime factors of k?
5, 13, 173
Let o(k) = 255*k - 299. Let f(i)